et m(s) = -48*s + 17*s + 25*s + 12. What is the remainder when m(-9) is divided by 17?
15
Let d = 6 + 8. Let a = 138 + -154. Let p(u) = -u**2 - 22*u - 91. Calculate the remainder when d is divided by p(a).
4
Suppose 0 = 2*s + s - 2*w - 4, -s + 4*w = -8. Let h = -90 + 92. Suppose s = -4*z + a + 92, -4*z + h*a + 112 = z. What is the remainder when 93 is divided by z?
21
Let g be 3 - (2 - (0 - 7)). What is the remainder when 18/(-27) - 196/g is divided by 11?
10
Let h(g) = -38*g**2 + 6*g + 5. Let w(f) = 37*f**2 - 5*f - 4. Let q(j) = 5*h(j) + 6*w(j). Calculate the remainder when q(-1) is divided by 9.
6
Let c = 8 - 4. Let r(h) = 5*h - 3. What is the remainder when r(c) is divided by 5?
2
Suppose -69*k = -74*k - 265. Let u = -34 - k. Calculate the remainder when u is divided by 10.
9
Let p be 3/3 - 2/(-1). Suppose -7*b = -p*b - 12. Suppose -4*h - 3*f + 3 + 146 = 0, -3*h = b*f - 114. Calculate the remainder when 68 is divided by h.
33
Let x be ((-15)/(-4))/(21/280). Suppose 4 - x = -r + 2*h, 2*r - h = 107. Suppose -t + 11 = -4. What is the remainder when r is divided by t?
11
Suppose -18 = -2*h - 2. Let w = 60 - h. What is the remainder when w is divided by 28?
24
Let k = -16 + 20. Let a(p) = 3*p + 3. Calculate the remainder when 41 is divided by a(k).
11
Let i be (-64)/1 - -1*(1 + 1). Let l = i - -140. What is the remainder when l is divided by 20?
18
Let f(b) = b**2 + 15*b. Let t = 42 + -35. Calculate the remainder when f(-17) is divided by t.
6
Let f = -38 + 53. Suppose -w = -3*w + 594. Suppose 0*n = n + 5*i - 54, 5*n - 2*i = w. Calculate the remainder when n is divided by f.
14
Suppose 0*r = -7*r. Suppose r = -94*v + 97*v - 291. What is the remainder when v is divided by 25?
22
Let i = 2 - 5. Let j(a) = -a**3 + 7*a + 2. Let w be j(i). Suppose 0 = 4*x + w, d - 4*x - 2 - 47 = 0. What is the remainder when d is divided by 11?
8
Let r = 2426 - 2421. What is the remainder when -1 + (15 - (-2)/(-1)) is divided by r?
2
Suppose j = -2*f + 3, -2*j - 2*j = 2*f. Suppose v + f*v = 144. Suppose v = 2*x - 2*y, 6*x - 100 = x - 5*y. What is the remainder when 65 is divided by x?
21
Let f = 25 - 17. Suppose 0 = 2*p - 39 - 51. Suppose p + 67 = 4*j. Calculate the remainder when j is divided by f.
4
Suppose -r = 2*r + 18. Let f(o) = -2*o**2 - 15*o - 9. Calculate the remainder when 15 is divided by f(r).
6
Let p be 0/(3*10/(-15)). Let z be -1 + 4/(12/255). Suppose p*f + 6*f = z. Calculate the remainder when f is divided by 5.
4
What is the remainder when 66/(22/(-2)) - (-492)/3 is divided by 32?
30
Let t be 0 + ((-7)/14 - 5/(-2)). Calculate the remainder when 47 is divided by (-3 - t)*(2/2 + -2).
2
Let h(f) = -f**3 + 11*f**2 - 7*f + 3. What is the remainder when h(10) is divided by 4?
1
Let p = 715 + -564. What is the remainder when p is divided by 80?
71
Let p(z) = -15*z**3 - 6*z**2 - 8*z - 3. Calculate the remainder when p(-2) is divided by 37.
35
Let k = -17 - -21. Let v = 70 - k. Calculate the remainder when v is divided by 35.
31
Let x(q) = 31*q**2 + 30*q + 32. What is the remainder when 151 is divided by x(-1)?
19
Calculate the remainder when (-2611)/(-49) - (-4)/(-14) is divided by 20.
13
Suppose t - 15 = -16, 0 = 3*r + 3*t - 114. Let l = -11 + 19. What is the remainder when r is divided by l?
7
What is the remainder when (162/(-36))/(3/(-122)) is divided by 37?
35
Suppose -l = x - 31, -3*l - 4*x = -3*x - 83. What is the remainder when 100 is divided by l?
22
Let r(n) be the second derivative of n**5/20 + 7*n**4/12 + n**3/2 + n**2 + 8*n. Calculate the remainder when r(-3) is divided by 6.
5
Let r(w) = -6*w + 58. Let h be r(9). What is the remainder when (-1)/h*-310*32/20 is divided by 42?
40
Let x(g) = g**3 + 9*g**2 - 8*g - 1. Let r be x(-10). Let y = r - -32. Let k = -10 + 14. What is the remainder when y is divided by k?
3
Let g(h) = -34*h + 599. Let m be (2/(-4))/(2/220). Let a = 86 + m. Calculate the remainder when g(14) is divided by a.
30
Suppose -13 = 4*j - 77. Calculate the remainder when 108 is divided by j.
12
Let h = -178 - -237. Calculate the remainder when 115 is divided by h.
56
Let d = 0 - -2. Suppose -2*b - 3 = x, -x + 4*b + d + 13 = 0. Suppose 3*v = 20 + 7. Calculate the remainder when v is divided by x.
0
Suppose -3*x + 14 = -34. What is the remainder when 606 is divided by x?
14
Let v be -6 + 9 - (-3 - -1). Let b(h) = -2*h**2 - 5 + 7*h + 13*h - v. What is the remainder when 43 is divided by b(8)?
21
Let q(h) = -h**3 + h**2 - 3*h - 2. Let i be q(3). Let b = -18 - i. Calculate the remainder when 31 is divided by b.
9
Suppose -4*f + 2 + 6 = 0. Suppose f*n = -d + 9, -3*d + n = -0*d - 62. What is the remainder when 74 is divided by d?
17
Let j = 2494 - 2465. Suppose 9 = -y + 66. What is the remainder when y is divided by j?
28
Let l = -403 - -684. Calculate the remainder when l is divided by 71.
68
Let f(h) = h**3 + 8*h**2 + 11. Let n(o) = 3*o - 2. Let k be n(-2). What is the remainder when f(k) is divided by 7?
4
Suppose 0 = 3*r + 34 - 79. Let f = 48 + r. What is the remainder when f is divided by 22?
19
Let d = -1319 + 1332. Suppose 0 = -t - t + 14. What is the remainder when d is divided by t?
6
Suppose 2*t + 84 = 3*b, 171 - 32 = 5*b - 3*t. Calculate the remainder when 123 is divided by b.
19
Let m be 2/((-792)/(-196) + -4). Let z = m - 45. Calculate the remainder when (-13)/(-1) - (-2 + 4) is divided by z.
3
Calculate the remainder when (-10 - -3) + 19 - (0 + 0) is divided by 6.
0
Let v(u) = u**3 - u**2 + 16. What is the remainder when 93 is divided by v(0)?
13
Let f(h) = h**3 + 3*h**2 - 2*h - 13. Calculate the remainder when f(7) is divided by 31.
29
Let o(l) = 27*l**2 - 2*l + 1. Let v = 2112 - 2082. What is the remainder when o(-2) is divided by v?
23
Suppose -4*q - 10*q + 196 = 0. What is the remainder when 600 is divided by q?
12
What is the remainder when 54 is divided by (10 - 2 - -4) + -10?
0
Let l(b) = b**2 + 6*b - 8. Suppose 0 = -2*o + 3*o + 1. Let p = o - 7. What is the remainder when 30 is divided by l(p)?
6
Let c(d) = 2*d**2 - 58*d - 22. Suppose -h + 84 = h. Suppose -f + h = -4*o + 12, -2*f + 3*o + 55 = 0. Calculate the remainder when c(31) is divided by f.
24
Let q(u) = u**2 + 15*u - 41. Let j = 130 + -148. Calculate the remainder when 35 is divided by q(j).
9
Let p be (2 + 0)/(3/(-6)). Let h(b) = b**2 + b + 1. What is the remainder when 44 is divided by h(p)?
5
Let c(s) = -3*s**3 - 3*s**2 - 3*s - 1. Suppose 0*q = 4*q - 8. Suppose i - 12 + q = 0. What is the remainder when c(-2) is divided by i?
7
Suppose 0 = 12*d + 10*d - 7942. Calculate the remainder when d is divided by 26.
23
What is the remainder when 36 is divided by 25/2*(-4 - (-26)/5)?
6
Let k = -925 + 1023. Calculate the remainder when k is divided by 30.
8
Let n = 244 - 182. What is the remainder when 371 is divided by n?
61
Suppose -8*y = 54*y - 28520. Calculate the remainder when y is divided by 58.
54
Suppose 3*t = -3, 3*t + 4 = c + 4*t. Suppose -15 = c*n, -2*n + 39 = 3*y - 0*n. Let q = 8 - -1. What is the remainder when y is divided by q?
6
Suppose 5*c = -5*d + 140, 2*c - 3*c + 12 = -3*d. Suppose -7*x = -4*z - 4*x + 107, 0 = z + 2*x - c. What is the remainder when 85 is divided by z?
7
Suppose 133 - 658 = -15*l. What is the remainder when 131 is divided by l?
26
Let r be (-4)/(-18) + 204/54. What is the remainder when (-12)/(-8)*96/r is divided by 15?
6
Let h = -5 + 10. Suppose -3*n = -h*w + 3*w - 21, 12 = -4*w. What is the remainder when 9 is divided by n?
4
Let i(u) = 46*u + 6. What is the remainder when i(3) is divided by 29?
28
Let a = 254 + -129. Calculate the remainder when a is divided by 18.
17
Let d = -2 + 46. Let g(m) = m - 3. Let a be g(5). Suppose -a*i + 16 = -4*k - 8, -d = -3*i - 2*k. Calculate the remainder when 68 is divided by i.
12
Suppose n + 5*q + 172 = 3*q, 5*n + 839 = -3*q. Let t = -92 - n. Calculate the remainder when t is divided by 11.
8
Suppose u + 21 = -2*d, -5*u - 2 + 1 = 2*d. Calculate the remainder when 6 is divided by 112/52 - (-2)/d.
0
Let x be (-1280)/(-48) + 2/6. Suppose 2*n - 5*j = -4, 2*j - x = -4*n + 13. Calculate the remainder when 20 is divided by n.
4
Let a = -963 + 1071. Calculate the remainder when a is divided by 55.
53
Let g = 1189 + -787. What is the remainder when g is divided by 58?
54
Let c(y) = -4*y. Let v(l) = -